{"id":739,"date":"2025-03-07T13:32:04","date_gmt":"2025-03-07T13:32:04","guid":{"rendered":"https:\/\/ikala.com.tr\/?page_id=739"},"modified":"2025-03-10T12:42:21","modified_gmt":"2025-03-10T12:42:21","slug":"modul-egitimler-2","status":"publish","type":"page","link":"http:\/\/ikala.com.tr\/?page_id=739","title":{"rendered":"H\u00fccresel ve B\u00fct\u00fcnc\u00fcl Sa\u011fl\u0131k"},"content":{"rendered":"","protected":false},"excerpt":{"rendered":"","protected":false},"author":1,"featured_media":0,"parent":0,"menu_order":0,"comment_status":"closed","ping_status":"closed","template":"","meta":{"footnotes":""},"class_list":["post-739","page","type-page","status-publish","hentry"],"_links":{"self":[{"href":"http:\/\/ikala.com.tr\/index.php?rest_route=\/wp\/v2\/pages\/739","targetHints":{"allow":["GET"]}}],"collection":[{"href":"http:\/\/ikala.com.tr\/index.php?rest_route=\/wp\/v2\/pages"}],"about":[{"href":"http:\/\/ikala.com.tr\/index.php?rest_route=\/wp\/v2\/types\/page"}],"author":[{"embeddable":true,"href":"http:\/\/ikala.com.tr\/index.php?rest_route=\/wp\/v2\/users\/1"}],"replies":[{"embeddable":true,"href":"http:\/\/ikala.com.tr\/index.php?rest_route=%2Fwp%2Fv2%2Fcomments&post=739"}],"version-history":[{"count":2,"href":"http:\/\/ikala.com.tr\/index.php?rest_route=\/wp\/v2\/pages\/739\/revisions"}],"predecessor-version":[{"id":749,"href":"http:\/\/ikala.com.tr\/index.php?rest_route=\/wp\/v2\/pages\/739\/revisions\/749"}],"wp:attachment":[{"href":"http:\/\/ikala.com.tr\/index.php?rest_route=%2Fwp%2Fv2%2Fmedia&parent=739"}],"curies":[{"name":"wp","href":"https:\/\/api.w.org\/{rel}","templated":true}]}}